 -10*g**3 - 5*g**3 + 1 - 4*g**3 - g**2 - 2*g + f*g**3. Calculate n(2).
1
Let k(f) = -f**2 + 228 - 678 - 10*f + 228 + 220. What is k(-8)?
14
Let v be 2/(2 - ((-336)/(-40) - 6)). Let l(n) be the second derivative of n**5/20 + n**4/4 - 5*n**3/6 + 7*n**2/2 - 2*n. Determine l(v).
-18
Let g(p) = -34*p + 23*p**2 + 2*p**2 - 31*p - 1 + 64*p + 0*p**2. Give g(-1).
25
Let c(p) be the first derivative of -p**4/4 - 2*p**3/3 - p**2/2 + 2*p - 2. Suppose -2*o + 0*o - i = -5, -4*i - 1 = o. Suppose 5 = -o*n - 1. Calculate c(n).
4
Let j(n) = -n**3 - n - 8. Let m = -451 - -451. Determine j(m).
-8
Let r(x) = -x**3 - 7*x**2 + 2. Let o be ((-28)/(-8) + 2)*2. Let d(k) = 16*k - 2 + 12 - 2*k**2 + o + 3*k**2. Let c be d(-14). What is r(c)?
2
Let i(f) be the third derivative of f**7/2520 - f**6/180 - 2*f**5/15 - 15*f**2. Let s(u) be the third derivative of i(u). Determine s(4).
4
Let r(n) be the third derivative of -n**6/240 - n**5/20 - 5*n**4/8 - 8*n**2. Let f(v) be the second derivative of r(v). Give f(-6).
12
Let q be (-63)/(-7) + 0 + -18. Let u(p) = -p**2 - 3*p + 5. What is u(q)?
-49
Suppose 5 = 3*g - 1, 0 = -5*n + 5*g - 370. Let a = -65 - n. Let z(b) = -b**2 + 9*b - 4. Give z(a).
10
Let z(g) = -2*g + 8. Suppose 3*f + 6 - 15 = 0. Suppose -5*t + 37 = r, -f*r = -2*t + 4*t - 20. Give z(t).
-6
Suppose 10*j - 2*j = 64. Let b be (j/(-20)*-5)/((-2)/(-4)). Let m(r) = 2*r - 1. What is m(b)?
7
Suppose 0 = -3*u - c - 19, 4*u = 8*u + 4*c + 36. Let p be u + (-2)/(6/(-9)). Let q(f) be the first derivative of -f**4/2 - 2*f**3/3 + 2*f + 11. What is q(p)?
10
Let d(f) = -f**3 - 18*f**2 + 22*f + 56. Let b be d(-19). Let q(v) = -8*v**2 - 2*v - 2. What is q(b)?
-8
Let c be 2 + (0/(-2))/(-1). Let l(a) be the third derivative of a**5/30 - a**4/24 - a**3/6 - 422*a**2. Determine l(c).
5
Let z(s) = -101*s + 273. Let i be z(3). Let k(u) = -u**3 - 29*u**2 + 31*u + 39. Determine k(i).
9
Let i(j) = -3*j + 31. Suppose -3 = -10*c + 77. What is i(c)?
7
Let y(n) = 9*n**2 + 16*n - 4. Let b(z) = -11*z**2 - 15*z + 4. Let u(t) = 5*b(t) + 6*y(t). Calculate u(21).
-4
Suppose 53 = -30*y - 7. Let c(n) = 6*n + 1. What is c(y)?
-11
Suppose -5*q = -0*q - 3*r + 9, -2*q + 4*r = 12. Suppose q = 5*b - b. Let g(k) be the first derivative of -k**4/4 + k**2/2 + 2*k + 2. What is g(b)?
2
Let r(o) = 7*o**3 + 10*o**2 + o + 1. Let j = -9 + 12. Let m(c) = -4*c**3 - 5*c**2 - c. Let b(p) = j*r(p) + 5*m(p). What is b(-5)?
13
Let i(s) = 4*s**2 + s. Let a(x) = -x**2 + 34*x + 289. Let l be a(41). Suppose 0 = -0*g + g - 14. Suppose 4*f - g = -l*u - 0, 5*f = 4*u - 15. Give i(f).
5
Suppose 0 = -g - 4*j - 22, 190*j = -3*g + 187*j - 21. Let a(y) be the first derivative of y**4/4 + y**3/3 - y**2 - 3*y - 2. Determine a(g).
-3
Let i(f) = f + 8. Let o be i(-7). Let q be (-2)/(o - 7/(63/12)). Let l(g) = g. What is l(q)?
6
Let v(l) = -9*l**2 - 2*l**2 + 5*l**3 - 10*l**3 + 6*l**3 - 11 + l. Let t be v(11). Let f(s) = t + 1 + s + 0 - 3. Determine f(6).
4
Let f = 5 - -5. Suppose -2 = 4*s - f. Let r(n) = -5*n + 2. What is r(s)?
-8
Suppose 7 = 2*t + 19. Let x(d) = 4*d**3 + 3*d**2 - 5*d - 1. Let r(g) = 3*g**3 + 4*g**2 - 4*g. Let f(b) = -3*r(b) + 2*x(b). Calculate f(t).
-14
Let x(w) = 20*w**3 + 2*w**2 + 9*w + 1. Let g(t) = -3*t**3 - t - 1. Let d(h) = 6*g(h) + x(h). Determine d(2).
25
Let w(k) = -k**2 - 1. Let v = 35 - 35. Suppose v*c = -0*c + 6*c. Calculate w(c).
-1
Let o(n) = -2*n - 10. Let a be ((-15)/(-3))/(-5) + -4 + 1. Give o(a).
-2
Let g(h) = -3*h. Let x be g(-1). Let d(v) = x*v - 5*v + 4*v**2 + 14 - 15. Let k be d(-1). Let s(f) = f - 6. Determine s(k).
-1
Let j(a) be the third derivative of -a**7/2520 - 7*a**6/720 - a**5/60 + 41*a**4/24 + 47*a**2. Let n(t) be the second derivative of j(t). What is n(-6)?
4
Let g(v) = -3*v**2 + 1. Suppose -4*o - 2*r = -36, 5*o + 3*r + 0 = 46. Suppose 4*m = -4*z - 4, -5*z + 0*z = 2*m + o. Determine g(z).
-11
Let d(u) be the first derivative of u**4/2 + u**3/3 + u**2/2 - u + 127. Let f(l) = -l**2 + 5*l + 1. Let m be f(5). Suppose -2*b + 1 + m = 0. Determine d(b).
3
Let h = -28 + 129. Let x(n) = -n**2 - 101 + h. Give x(0).
0
Let h(s) = 1. Let q(v) = v**2 + 3*v + 2. Let g(c) = 3*h(c) - q(c). Let z be (-6)/(-21)*(18 + -4). Suppose -p + 12 = -a - z*a, 3*p + 3 = 2*a. Give g(a).
1
Suppose -2*f - 2*m - 2 = 0, 4*m + 36 = 4*f - 0*f. Let g(k) be the second derivative of 1/20*k**5 + 0*k**2 + 12*k + 0 + 1/3*k**3 - 5/12*k**4. Determine g(f).
-8
Suppose 6*o = 4 + 14. Let d(s) = -s**2 - o*s**2 - 1 - s + 5*s**2. Give d(-2).
5
Let j(z) = -z**3 - 2*z**2 + 3*z + 4. Suppose -4*s - 9 = -5*d - 22, 30 = -5*s - 3*d. What is j(s)?
4
Let s be (-2)/(-18)*-214 - (-38)/(-171). Let o(f) = -f**3 - 23*f**2 + 25*f + 32. Determine o(s).
8
Suppose -3 - 1 = -4*s. Let j be (-3)/1 + 8 - s. Let w(a) = -2*a + 21. Let x(m) = -m + 11. Let c(o) = j*w(o) - 7*x(o). What is c(3)?
4
Let h = 11 + -7. Suppose 0 = -m - h*m - 30. Let g(n) = 4 - 2 - 1 + 6 + n. Give g(m).
1
Let r(x) = 39*x + 78. Let b be r(-2). Let l(o) = -o**3 - 4*o + 5 + 2 + 5*o. Determine l(b).
7
Let w = -364 + 364. Let c(v) be the second derivative of -1/12*v**4 - 2/3*v**3 + w - 1/2*v**2 + 5*v. What is c(-3)?
2
Suppose -54 - 46 = -4*h. Suppose -v = 4*v - h. Suppose 5*j + 24 = f, -5*f + v = -j - j. Let m(c) = -c**3 - 6*c**2 - 5*c - 7. Give m(j).
-7
Let y(g) = 16*g - 8*g + 13 + 0*g - 10*g. Calculate y(11).
-9
Let i(z) be the third derivative of -z**7/1260 + z**6/180 + z**5/24 - 17*z**4/12 + 20*z**2. Let k(n) be the second derivative of i(n). Give k(4).
-11
Suppose x = -x + 10. Let d(t) = 11*t**2 - 7*t**2 + 11 - t - 18 - 3*t**2. Determine d(x).
13
Let t(a) = a**3 - 2*a**2 + 4*a - 3. Let g(c) = c - 11. Let n be g(4). Let l be (1 - (0 + 0))*n. Let p be l - -6 - (-3)/1. Determine t(p).
5
Let c(s) = s**2 + 9*s + 8. Let v be c(-8). Let u(m) = v*m**3 - 8*m**2 + 1 + m**3 + 6*m + 2*m**2. Calculate u(5).
6
Let b(y) = -y**2 - 6*y - 9. Let o(m) = -2*m**2 - 7*m - 10. Let v(l) = 3*b(l) - 2*o(l). Let s = -6 - -8. Suppose 10 = 4*h - s*h. Determine v(h).
-2
Let y(s) = -3*s**3 - 8*s**2 + 7*s. Let d(p) = 2*p**3 + 7*p**2 - 7*p + 1. Let l(m) = 4*d(m) + 3*y(m). Determine l(4).
-24
Let a(l) = -l**2 + 10*l - 16. Let v be a(8). Suppose v*i = 3*i - 3. Let s(n) = 1. Let r(q) = -15*q + 4. Let g(b) = r(b) - 4*s(b). What is g(i)?
-15
Let h(g) = -g + 8. Let u(b) = 2*b - 6*b + b + 2*b + 4. Let j(q) = -3*h(q) + 5*u(q). Let s(i) = -2*i - 22. Let w be s(-9). Determine j(w).
4
Let l(f) = 10*f**2 - 4*f + 2. Let y be l(1). Let o(m) = 2*m - 14. Calculate o(y).
2
Let o(d) = -d**3 + 2*d + 2. Let k be o(-2). Suppose k = -f + 1. Let s(n) = -n**3 - 4*n**2 + 6*n + 6. What is s(f)?
1
Let a(h) be the first derivative of -3*h**2 - 7*h + 304. Give a(-8).
41
Let x = -2 - -4. Let a(d) = -d**2 - 3*d - 3*d**2 + 7*d**2. Give a(x).
6
Suppose -21*a - 6 = -20*a. Let u(f) = -2*f**2 + 4*f + 5. Let d(v) = v**2 + 1. Let m(w) = -3*d(w) - u(w). Give m(a).
-20
Let f(s) be the first derivative of -3*s**2/2 - s - 1. Let l(j) be the second derivative of j**4/12 + 2*j**3 + 21*j**2/2 + 20*j. Let o be l(-10). What is f(o)?
-4
Let b(t) be the first derivative of t**3/3 - 4*t**2 + 9*t + 152. Give b(4).
-7
Let h(o) = o**3 + 9*o**2 + 6*o - 13. Let p be h(-8). Let j(s) = p + 0 - s - 4 + 7*s. Give j(-2).
-13
Let q(f) = -2*f**2 + 7*f - 11. Suppose -19*p = -31*p + 36. Give q(p).
-8
Let o(f) = f. Let x = 7 - 35. Let j = 28 + x. Determine o(j).
0
Suppose 0 = 7*o + 3*o - 50. Let d(b) = -3*b**3 - 9*b**2 - 14*b + 15. Let f(p) = -p**3 - 4*p**2 - 7*p + 7. Let q(m) = o*f(m) - 2*d(m). Calculate q(4).
9
Let o(q) = q + 4. Let b be o(0). Let j(p) = -b*p + p + 2*p - 3. Let s(r) = r**3 + 16*r**2 + 2*r - 199. Let u be s(-15). Give j(u).
1
Suppose x - 3 = -0. Let n(l) = -l + 7. Let v be n(x). Let q(d) be the second derivative of d**4/12 - 2*d**3/3 - d**2 - 4*d. What is q(v)?
-2
Let f = -8 + 0. Let p(q) = q + 12. Let v be p(f). Let j(o) = -o**2 + 2*o + 5. Calculate j(v).
-3
Let a(p) = -3*p**3 - p. Let m(z) = 7*z**3 - 9*z - 8*z + 1 + 29*z - 9*z. Suppose -3*o + 3 = 18. Let r(v) = o*a(v) - 2*m(v). Give r(0).
-2
Let r(n) = n**2 - 11*n + 20. Let s be (-266)/(-35) + 2/5. Let a be r(s). Let b(y) = -3 + y**2 + y + 2*y - 1 + 5. Determine b(a).
5
Suppose -1 = -4*i - 17. Let c(q) be the second derivative of q**5/20 + q**4/3 - q**3/6 - q**2 - 15*q. Determine c(i).
2
Let f(z) = -6*z**2 - z + 12. L